{"id":692,"date":"2021-08-25T05:27:24","date_gmt":"2021-08-25T05:27:24","guid":{"rendered":"http:\/\/www.artesaniadelarioja.org\/conservas-juker\/?post_type=product&#038;p=692"},"modified":"2025-01-09T16:24:46","modified_gmt":"2025-01-09T16:24:46","slug":"chocolate-negro-con-menta","status":"publish","type":"product","link":"https:\/\/www.artesaniadelarioja.org\/conservas-juker\/producto\/chocolate-negro-con-menta\/","title":{"rendered":"Chocolate Negro con Menta"},"content":{"rendered":"<p><span style=\"text-decoration: underline;\">Ingredientes:<\/span> Pasta de cacao, az\u00facar, manteca de cacao, emulgente (lecitina de <strong>soja<\/strong>), aroma de vainilla y aroma de menta. Cacao m\u00ednimo: 62%.<\/p>\n<p><span style=\"text-decoration: underline;\">Peso neto:<\/span> 125g.<\/p>\n<p><span style=\"text-decoration: underline;\">Valores nutricionales medios por 100g de producto:<\/span> Valor energ\u00e9tico:\u00a0 2302 KJ \u2013 550 Kcal\u00a0<span style=\"color: #ff9900;\"> \/\/\u00a0<\/span> Grasas: 31,80g de las cuales saturadas: 21,70g\u00a0<span style=\"color: #ff9900;\"> \/\/\u00a0<\/span> Hidratos de Carbono: 57,50g de los cuales az\u00facares: 50,50g\u00a0<span style=\"color: #ff9900;\"> \/\/\u00a0<\/span> Prote\u00ednas: 8,40g\u00a0<span style=\"color: #ff9900;\"> \/\/\u00a0<\/span> Sal: 0,040g<\/p>\n<p><span style=\"text-decoration: underline;\">Almacenamiento y conservaci\u00f3n:<\/span> Proteger de la humedad, de la luz directa del sol y temperaturas extremas<\/p>\n","protected":false},"excerpt":{"rendered":"<p>Ingredientes: Pasta de cacao, az\u00facar, manteca de cacao, emulgente (lecitina de soja), aroma de vainilla y aroma de menta. Cacao m\u00ednimo: 62%. Peso neto: 125g. Valores nutricionales medios por 100g de producto: Valor energ\u00e9tico:\u00a0 2302 KJ \u2013 550 Kcal\u00a0 \/\/\u00a0 Grasas: 31,80g de las cuales saturadas: 21,70g\u00a0 \/\/\u00a0 Hidratos de Carbono: 57,50g de los cuales [&hellip;]<\/p>\n","protected":false},"featured_media":693,"comment_status":"open","ping_status":"closed","template":"","meta":[],"product_cat":[75],"product_tag":[168,165,173,172],"class_list":["post-692","product","type-product","status-publish","has-post-thumbnail","hentry","product_cat-pastas","product_tag-125g","product_tag-chocolate","product_tag-menta","product_tag-negro"],"_links":{"self":[{"href":"https:\/\/www.artesaniadelarioja.org\/conservas-juker\/wp-json\/wp\/v2\/product\/692","targetHints":{"allow":["GET"]}}],"collection":[{"href":"https:\/\/www.artesaniadelarioja.org\/conservas-juker\/wp-json\/wp\/v2\/product"}],"about":[{"href":"https:\/\/www.artesaniadelarioja.org\/conservas-juker\/wp-json\/wp\/v2\/types\/product"}],"replies":[{"embeddable":true,"href":"https:\/\/www.artesaniadelarioja.org\/conservas-juker\/wp-json\/wp\/v2\/comments?post=692"}],"wp:featuredmedia":[{"embeddable":true,"href":"https:\/\/www.artesaniadelarioja.org\/conservas-juker\/wp-json\/wp\/v2\/media\/693"}],"wp:attachment":[{"href":"https:\/\/www.artesaniadelarioja.org\/conservas-juker\/wp-json\/wp\/v2\/media?parent=692"}],"wp:term":[{"taxonomy":"product_cat","embeddable":true,"href":"https:\/\/www.artesaniadelarioja.org\/conservas-juker\/wp-json\/wp\/v2\/product_cat?post=692"},{"taxonomy":"product_tag","embeddable":true,"href":"https:\/\/www.artesaniadelarioja.org\/conservas-juker\/wp-json\/wp\/v2\/product_tag?post=692"}],"curies":[{"name":"wp","href":"https:\/\/api.w.org\/{rel}","templated":true}]}}