{"id":350,"date":"2018-03-01T11:58:48","date_gmt":"2018-03-01T11:58:48","guid":{"rendered":"http:\/\/www.artesaniadelarioja.org\/conservas-juker\/?post_type=product&#038;p=350"},"modified":"2026-03-18T07:23:26","modified_gmt":"2026-03-18T07:23:26","slug":"crema-vichyssoise","status":"publish","type":"product","link":"https:\/\/www.artesaniadelarioja.org\/conservas-juker\/producto\/crema-vichyssoise\/","title":{"rendered":"Crema Vichyssoise 500ml"},"content":{"rendered":"<p><span style=\"text-decoration: underline;\">Ingredientes:<\/span>\u00a0Agua, <strong>leche<\/strong>, patatas, cebolla, puerro (8%), <strong>nata <\/strong>(estabilizante E-407), <strong>mantequilla<\/strong>, aceite de oliva, sal y pimienta blanca.<\/p>\n<p>Contiene: <strong>LACTEOS. <\/strong>Puede contener trazas de: <strong>SULFITOS.<\/strong><\/p>\n<div class=\"gmail_default\">\n<p><span style=\"text-decoration: underline;\">Envase:<\/span> 500ml\u00a0 \/\u00a0 <span style=\"text-decoration: underline;\">Peso neto:<\/span> 485g<\/p>\n<p><span style=\"text-decoration: underline;\">Valores nutricionales medios por 100g de producto:<\/span> Valor energ\u00e9tico:\u00a0 290,5 KJ \u2013 69,6 Kcal\u00a0 <span style=\"color: #ff9900;\">\/\/\u00a0<\/span> Grasas: 3,9g. de las cuales saturadas: 2,54g\u00a0<span style=\"color: #ff9900;\"> \/\/\u00a0<\/span> Hidratos de Carbono: 6,8g de los cuales az\u00facares: 0,93g\u00a0<span style=\"color: #ff9900;\"> \/\/\u00a0<\/span> Fibra Alimentaria: 0,64g\u00a0<span style=\"color: #ff9900;\"> \/\/<\/span> Prote\u00ednas: 1,5g\u00a0<span style=\"color: #ff9900;\"> \/\/\u00a0<\/span> Sal: 0,88g<\/p>\n<p><span style=\"text-decoration: underline;\">Almacenamiento y conservaci\u00f3n:<\/span> Antes de abrir: evitar golpes que provoquen perdida del vac\u00edo. Proteger de la humedad, de la luz directa del sol y temperaturas extremas. Despu\u00e9s de abrir: conservar refrigerado y consumir en un plazo de tres d\u00edas.<\/p>\n<\/div>\n<p>Suave crema de origen franc\u00e9s, elaborada con leche entera y verduras frescas recolectadas en la huerta riojana (puerro, apio, patata y cebolla).<\/p>\n","protected":false},"excerpt":{"rendered":"<p>Ingredientes:\u00a0Agua, leche, patatas, cebolla, puerro (8%), nata (estabilizante E-407), mantequilla, aceite de oliva, sal y pimienta blanca. Contiene: LACTEOS. Puede contener trazas de: SULFITOS. Envase: 500ml\u00a0 \/\u00a0 Peso neto: 485g Valores nutricionales medios por 100g de producto: Valor energ\u00e9tico:\u00a0 290,5 KJ \u2013 69,6 Kcal\u00a0 \/\/\u00a0 Grasas: 3,9g. de las cuales saturadas: 2,54g\u00a0 \/\/\u00a0 Hidratos de [&hellip;]<\/p>\n","protected":false},"featured_media":414,"comment_status":"open","ping_status":"closed","template":"","meta":[],"product_cat":[13],"product_tag":[129,42,135],"class_list":["post-350","product","type-product","status-publish","has-post-thumbnail","hentry","product_cat-salsas-caldos","product_tag-500ml","product_tag-crema","product_tag-vichyssoise"],"_links":{"self":[{"href":"https:\/\/www.artesaniadelarioja.org\/conservas-juker\/wp-json\/wp\/v2\/product\/350","targetHints":{"allow":["GET"]}}],"collection":[{"href":"https:\/\/www.artesaniadelarioja.org\/conservas-juker\/wp-json\/wp\/v2\/product"}],"about":[{"href":"https:\/\/www.artesaniadelarioja.org\/conservas-juker\/wp-json\/wp\/v2\/types\/product"}],"replies":[{"embeddable":true,"href":"https:\/\/www.artesaniadelarioja.org\/conservas-juker\/wp-json\/wp\/v2\/comments?post=350"}],"wp:featuredmedia":[{"embeddable":true,"href":"https:\/\/www.artesaniadelarioja.org\/conservas-juker\/wp-json\/wp\/v2\/media\/414"}],"wp:attachment":[{"href":"https:\/\/www.artesaniadelarioja.org\/conservas-juker\/wp-json\/wp\/v2\/media?parent=350"}],"wp:term":[{"taxonomy":"product_cat","embeddable":true,"href":"https:\/\/www.artesaniadelarioja.org\/conservas-juker\/wp-json\/wp\/v2\/product_cat?post=350"},{"taxonomy":"product_tag","embeddable":true,"href":"https:\/\/www.artesaniadelarioja.org\/conservas-juker\/wp-json\/wp\/v2\/product_tag?post=350"}],"curies":[{"name":"wp","href":"https:\/\/api.w.org\/{rel}","templated":true}]}}

<p><span style="text-decoration: underline;">Ingredientes:</span> Agua, <strong>leche</strong>, patatas, cebolla, puerro (8%), <strong>nata </strong>(estabilizante E-407), <strong>mantequilla</strong>, aceite de oliva, sal y pimienta blanca.</p>
<p>Contiene: <strong>LACTEOS. </strong>Puede contener trazas de: <strong>SULFITOS.</strong></p>
<div class="gmail_default">
<p><span style="text-decoration: underline;">Envase:</span> 500ml  /  <span style="text-decoration: underline;">Peso neto:</span> 485g</p>
<p><span style="text-decoration: underline;">Valores nutricionales medios por 100g de producto:</span> Valor energético:  290,5 KJ – 69,6 Kcal  <span style="color: #ff9900;">// </span> Grasas: 3,9g. de las cuales saturadas: 2,54g <span style="color: #ff9900;"> // </span> Hidratos de Carbono: 6,8g de los cuales azúcares: 0,93g <span style="color: #ff9900;"> // </span> Fibra Alimentaria: 0,64g <span style="color: #ff9900;"> //</span> Proteínas: 1,5g <span style="color: #ff9900;"> // </span> Sal: 0,88g</p>
<p><span style="text-decoration: underline;">Almacenamiento y conservación:</span> Antes de abrir: evitar golpes que provoquen perdida del vacío. Proteger de la humedad, de la luz directa del sol y temperaturas extremas. Después de abrir: conservar refrigerado y consumir en un plazo de tres días.</p>
</div>
<p>Suave crema de origen francés, elaborada con leche entera y verduras frescas recolectadas en la huerta riojana (puerro, apio, patata y cebolla).</p>

<p>Ingredientes: Agua, leche, patatas, cebolla, puerro (8%), nata (estabilizante E-407), mantequilla, aceite de oliva, sal y pimienta blanca. Contiene: LACTEOS. Puede contener trazas de: SULFITOS. Envase: 500ml  /  Peso neto: 485g Valores nutricionales medios por 100g de producto: Valor energético:  290,5 KJ – 69,6 Kcal  //  Grasas: 3,9g. de las cuales saturadas: 2,54g  //  Hidratos de [&hellip;]</p>
