{"id":336,"date":"2018-03-01T07:23:19","date_gmt":"2018-03-01T07:23:19","guid":{"rendered":"http:\/\/www.artesaniadelarioja.org\/conservas-juker\/?post_type=product&#038;p=336"},"modified":"2025-04-23T07:19:34","modified_gmt":"2025-04-23T07:19:34","slug":"caldo-de-pescado-y-marisco","status":"publish","type":"product","link":"https:\/\/www.artesaniadelarioja.org\/conservas-juker\/producto\/caldo-de-pescado-y-marisco\/","title":{"rendered":"Caldo de Pescado y Marisco 785ml"},"content":{"rendered":"<p>Ingredientes:\u00a0Agua, <strong>gamba<\/strong> (5\u201954%), <strong>congrio<\/strong> (3\u201933%), cebolla, <strong>rape<\/strong> (2\u201977%) y sal.<\/p>\n<p>Contiene: <strong>CRUSTACEO y PESCADO<\/strong><\/p>\n<p><span style=\"text-decoration: underline;\">Envase:<\/span> 785ml\u00a0 \/\u00a0<span style=\"text-decoration: underline;\"> Peso neto:<\/span> 750g<\/p>\n<p><span style=\"text-decoration: underline;\">Valores nutricionales medios por 100g de producto:<\/span> Valor energ\u00e9tico:\u00a0 8,8 KJ \u2013 2,1Kcal\u00a0<span style=\"color: #ff9900;\"> \/\/\u00a0<\/span> Grasas: &lt;0,50g. de las cuales saturadas: 0g\u00a0<span style=\"color: #ff9900;\"> \/\/\u00a0<\/span> Hidratos de Carbono: &lt;0,50g de los cuales az\u00facares: &lt;0,50g\u00a0<span style=\"color: #ff9900;\"> \/\/\u00a0<\/span> Fibra Alimentaria: &lt;0,50g\u00a0 <span style=\"color: #ff9900;\">\/\/<\/span> Prote\u00ednas: 0,52g\u00a0<span style=\"color: #ff9900;\"> \/\/\u00a0<\/span> Sal: 0,52g<\/p>\n<p><span style=\"text-decoration: underline;\">Almacenamiento y conservaci\u00f3n:<\/span> Antes de abrir: evitar golpes que provoquen perdida del vac\u00edo. Proteger de la humedad, de la luz directa del sol y temperaturas extremas. Despu\u00e9s de abrir: conservar refrigerado y consumir en un plazo de cuatro d\u00edas.<\/p>\n<p>&nbsp;<\/p>\n<p>Caldo de marisco y pescado elaborado con gambas, congrio y rape, ingredientes naturales previamente seleccionados.<\/p>\n<p>&nbsp;<\/p>\n","protected":false},"excerpt":{"rendered":"<p>Ingredientes:\u00a0Agua, gamba (5\u201954%), congrio (3\u201933%), cebolla, rape (2\u201977%) y sal. Contiene: CRUSTACEO y PESCADO Envase: 785ml\u00a0 \/\u00a0 Peso neto: 750g Valores nutricionales medios por 100g de producto: Valor energ\u00e9tico:\u00a0 8,8 KJ \u2013 2,1Kcal\u00a0 \/\/\u00a0 Grasas: &lt;0,50g. de las cuales saturadas: 0g\u00a0 \/\/\u00a0 Hidratos de Carbono: &lt;0,50g de los cuales az\u00facares: &lt;0,50g\u00a0 \/\/\u00a0 Fibra Alimentaria: &lt;0,50g\u00a0 [&hellip;]<\/p>\n","protected":false},"featured_media":399,"comment_status":"open","ping_status":"closed","template":"","meta":[],"product_cat":[13],"product_tag":[131,34,133,132],"class_list":["post-336","product","type-product","status-publish","has-post-thumbnail","hentry","product_cat-salsas-caldos","product_tag-785ml","product_tag-caldo","product_tag-marisco","product_tag-pescado"],"_links":{"self":[{"href":"https:\/\/www.artesaniadelarioja.org\/conservas-juker\/wp-json\/wp\/v2\/product\/336","targetHints":{"allow":["GET"]}}],"collection":[{"href":"https:\/\/www.artesaniadelarioja.org\/conservas-juker\/wp-json\/wp\/v2\/product"}],"about":[{"href":"https:\/\/www.artesaniadelarioja.org\/conservas-juker\/wp-json\/wp\/v2\/types\/product"}],"replies":[{"embeddable":true,"href":"https:\/\/www.artesaniadelarioja.org\/conservas-juker\/wp-json\/wp\/v2\/comments?post=336"}],"wp:featuredmedia":[{"embeddable":true,"href":"https:\/\/www.artesaniadelarioja.org\/conservas-juker\/wp-json\/wp\/v2\/media\/399"}],"wp:attachment":[{"href":"https:\/\/www.artesaniadelarioja.org\/conservas-juker\/wp-json\/wp\/v2\/media?parent=336"}],"wp:term":[{"taxonomy":"product_cat","embeddable":true,"href":"https:\/\/www.artesaniadelarioja.org\/conservas-juker\/wp-json\/wp\/v2\/product_cat?post=336"},{"taxonomy":"product_tag","embeddable":true,"href":"https:\/\/www.artesaniadelarioja.org\/conservas-juker\/wp-json\/wp\/v2\/product_tag?post=336"}],"curies":[{"name":"wp","href":"https:\/\/api.w.org\/{rel}","templated":true}]}}