{"id":330,"date":"2018-03-02T09:11:52","date_gmt":"2018-03-02T09:11:52","guid":{"rendered":"http:\/\/www.artesaniadelarioja.org\/conservas-juker\/?post_type=product&#038;p=330"},"modified":"2025-10-03T04:13:15","modified_gmt":"2025-10-03T04:13:15","slug":"tomate-entero-pelado-en-su-jugo","status":"publish","type":"product","link":"https:\/\/www.artesaniadelarioja.org\/conservas-juker\/producto\/tomate-entero-pelado-en-su-jugo\/","title":{"rendered":"Tomate Entero Pelado en su jugo 720ml"},"content":{"rendered":"<p><span style=\"text-decoration: underline;\">Ingredientes:<\/span> Tomate, sal y acidulante: \u00e1cido c\u00edtrico.<\/p>\n<p><span style=\"text-decoration: underline;\">Envase:<\/span> 720ml\u00a0 \/\u00a0 <span style=\"text-decoration: underline;\">Peso neto:<\/span> 660g<\/p>\n<p><span style=\"text-decoration: underline;\">Valores nutricionales medios por 100g de producto:<\/span> Valor energ\u00e9tico: 88 KJ \u2013 21 Kcal <span style=\"color: #ff9900;\">\/\/<\/span>\u00a0 Grasas: &lt;0,50g de las cuales saturadas: 0g\u00a0 <span style=\"color: #ff9900;\">\/\/<\/span>\u00a0 Hidratos de Carbono: 3,5g de los cuales az\u00facares: 2,6g\u00a0<span style=\"color: #ff9900;\"> \/\/\u00a0<\/span> Fibra Alimentaria: 1,9g\u00a0 <span style=\"color: #ff9900;\">\/\/<\/span> Prote\u00ednas: 0,8g\u00a0<span style=\"color: #ff9900;\"> \/\/\u00a0<\/span> Sal: 0,86g<\/p>\n<p><span style=\"text-decoration: underline;\">Almacenamiento y conservaci\u00f3n:<\/span> Antes de abrir: evitar golpes que provoquen perdida del vac\u00edo. Proteger de la humedad, de la luz directa del sol y temperaturas extremas. Despu\u00e9s de abrir: conservar refrigerado y consumir en un plazo de cuatro d\u00edas.<\/p>\n<p>Tomate de temporada seleccionado y pelado a mano. Un producto de primera calidad, listo para ser utilizado en guisos y ensaladas.<\/p>\n","protected":false},"excerpt":{"rendered":"<p>Ingredientes: Tomate, sal y acidulante: \u00e1cido c\u00edtrico. Envase: 720ml\u00a0 \/\u00a0 Peso neto: 660g Valores nutricionales medios por 100g de producto: Valor energ\u00e9tico: 88 KJ \u2013 21 Kcal \/\/\u00a0 Grasas: &lt;0,50g de las cuales saturadas: 0g\u00a0 \/\/\u00a0 Hidratos de Carbono: 3,5g de los cuales az\u00facares: 2,6g\u00a0 \/\/\u00a0 Fibra Alimentaria: 1,9g\u00a0 \/\/ Prote\u00ednas: 0,8g\u00a0 \/\/\u00a0 Sal: 0,86g [&hellip;]<\/p>\n","protected":false},"featured_media":408,"comment_status":"open","ping_status":"closed","template":"","meta":[],"product_cat":[11],"product_tag":[64,126,128,127,37],"class_list":["post-330","product","type-product","status-publish","has-post-thumbnail","hentry","product_cat-verduras","product_tag-720ml","product_tag-entero","product_tag-jugo","product_tag-pelado","product_tag-tomate"],"_links":{"self":[{"href":"https:\/\/www.artesaniadelarioja.org\/conservas-juker\/wp-json\/wp\/v2\/product\/330","targetHints":{"allow":["GET"]}}],"collection":[{"href":"https:\/\/www.artesaniadelarioja.org\/conservas-juker\/wp-json\/wp\/v2\/product"}],"about":[{"href":"https:\/\/www.artesaniadelarioja.org\/conservas-juker\/wp-json\/wp\/v2\/types\/product"}],"replies":[{"embeddable":true,"href":"https:\/\/www.artesaniadelarioja.org\/conservas-juker\/wp-json\/wp\/v2\/comments?post=330"}],"wp:featuredmedia":[{"embeddable":true,"href":"https:\/\/www.artesaniadelarioja.org\/conservas-juker\/wp-json\/wp\/v2\/media\/408"}],"wp:attachment":[{"href":"https:\/\/www.artesaniadelarioja.org\/conservas-juker\/wp-json\/wp\/v2\/media?parent=330"}],"wp:term":[{"taxonomy":"product_cat","embeddable":true,"href":"https:\/\/www.artesaniadelarioja.org\/conservas-juker\/wp-json\/wp\/v2\/product_cat?post=330"},{"taxonomy":"product_tag","embeddable":true,"href":"https:\/\/www.artesaniadelarioja.org\/conservas-juker\/wp-json\/wp\/v2\/product_tag?post=330"}],"curies":[{"name":"wp","href":"https:\/\/api.w.org\/{rel}","templated":true}]}}