{"id":326,"date":"2018-03-07T06:51:56","date_gmt":"2018-03-07T06:51:56","guid":{"rendered":"http:\/\/www.artesaniadelarioja.org\/conservas-juker\/?post_type=product&#038;p=326"},"modified":"2025-04-23T09:42:06","modified_gmt":"2025-04-23T09:42:06","slug":"judia-verde-al-natural-extra","status":"publish","type":"product","link":"https:\/\/www.artesaniadelarioja.org\/conservas-juker\/producto\/judia-verde-al-natural-extra\/","title":{"rendered":"Judia Verde al Natural Extra 720ml"},"content":{"rendered":"<p><span style=\"text-decoration: underline;\">Ingredientes:<\/span> Jud\u00eda verde, agua y sal.<\/p>\n<p>Puede contener trazas de: <strong>LACTEOS y SULFITOS.<\/strong><\/p>\n<p><span style=\"text-decoration: underline;\">Envase:<\/span> 720ml\u00a0 \/\u00a0 <span style=\"text-decoration: underline;\">Peso neto:<\/span> 660g\u00a0 \/\u00a0 <span style=\"text-decoration: underline;\">Peso escurrido:<\/span> 360g<\/p>\n<p><span style=\"text-decoration: underline;\">Valores nutricionales medios por 100g de producto:<\/span> Valor energ\u00e9tico: 51 KJ \u2013 12 Kcal <span style=\"color: #ff9900;\">\/\/<\/span>\u00a0 Grasas: 0g de las cuales saturadas: 0g\u00a0 <span style=\"color: #ff9900;\">\/\/\u00a0<\/span> Hidratos de Carbono: 1,5g de los cuales az\u00facares: 0,5g\u00a0 <span style=\"color: #ff9900;\">\/\/<\/span>\u00a0 Fibra Alimentaria: 1,7g\u00a0 <span style=\"color: #ff9900;\">\/\/<\/span> Prote\u00ednas: 0,7g\u00a0<span style=\"color: #ff9900;\"> \/\/\u00a0<\/span> Sal: 1,10g<\/p>\n<p><span style=\"text-decoration: underline;\">Almacenamiento y conservaci\u00f3n:<\/span> Antes de abrir: evitar golpes que provoquen perdida del vac\u00edo. Proteger de la humedad, de la luz directa del sol y temperaturas extremas. Despu\u00e9s de abrir: conservar refrigerado y consumir en un plazo de cuatro d\u00edas.<\/p>\n<p>La calidad de la jud\u00eda verde riojana elaborada exclusivamente con agua y sal, un producto sin conservantes ni \u00e1cidos a\u00f1adidos.<\/p>\n","protected":false},"excerpt":{"rendered":"<p>Ingredientes: Jud\u00eda verde, agua y sal. Puede contener trazas de: LACTEOS y SULFITOS. Envase: 720ml\u00a0 \/\u00a0 Peso neto: 660g\u00a0 \/\u00a0 Peso escurrido: 360g Valores nutricionales medios por 100g de producto: Valor energ\u00e9tico: 51 KJ \u2013 12 Kcal \/\/\u00a0 Grasas: 0g de las cuales saturadas: 0g\u00a0 \/\/\u00a0 Hidratos de Carbono: 1,5g de los cuales az\u00facares: 0,5g\u00a0 [&hellip;]<\/p>\n","protected":false},"featured_media":657,"comment_status":"open","ping_status":"closed","template":"","meta":[],"product_cat":[11],"product_tag":[64,18,122,93,123],"class_list":["post-326","product","type-product","status-publish","has-post-thumbnail","hentry","product_cat-verduras","product_tag-720ml","product_tag-extra","product_tag-judia","product_tag-natural","product_tag-verde"],"_links":{"self":[{"href":"https:\/\/www.artesaniadelarioja.org\/conservas-juker\/wp-json\/wp\/v2\/product\/326","targetHints":{"allow":["GET"]}}],"collection":[{"href":"https:\/\/www.artesaniadelarioja.org\/conservas-juker\/wp-json\/wp\/v2\/product"}],"about":[{"href":"https:\/\/www.artesaniadelarioja.org\/conservas-juker\/wp-json\/wp\/v2\/types\/product"}],"replies":[{"embeddable":true,"href":"https:\/\/www.artesaniadelarioja.org\/conservas-juker\/wp-json\/wp\/v2\/comments?post=326"}],"wp:featuredmedia":[{"embeddable":true,"href":"https:\/\/www.artesaniadelarioja.org\/conservas-juker\/wp-json\/wp\/v2\/media\/657"}],"wp:attachment":[{"href":"https:\/\/www.artesaniadelarioja.org\/conservas-juker\/wp-json\/wp\/v2\/media?parent=326"}],"wp:term":[{"taxonomy":"product_cat","embeddable":true,"href":"https:\/\/www.artesaniadelarioja.org\/conservas-juker\/wp-json\/wp\/v2\/product_cat?post=326"},{"taxonomy":"product_tag","embeddable":true,"href":"https:\/\/www.artesaniadelarioja.org\/conservas-juker\/wp-json\/wp\/v2\/product_tag?post=326"}],"curies":[{"name":"wp","href":"https:\/\/api.w.org\/{rel}","templated":true}]}}