{"id":172,"date":"2018-02-26T10:35:38","date_gmt":"2018-02-26T10:35:38","guid":{"rendered":"http:\/\/www.artesaniadelarioja.org\/conservas-juker\/?post_type=product&#038;p=172"},"modified":"2026-03-25T11:27:58","modified_gmt":"2026-03-25T11:27:58","slug":"guisante-fino-al-natural-extra-2","status":"publish","type":"product","link":"https:\/\/www.artesaniadelarioja.org\/conservas-juker\/producto\/guisante-fino-al-natural-extra-2\/","title":{"rendered":"Guisante Fino al Natural Extra 370ml"},"content":{"rendered":"<p><span style=\"text-decoration: underline;\">Ingredientes:<\/span> Guisante, agua y sal.<\/p>\n<p>Puede contener trazas de: <strong>LACTEOS y SULFITOS.<\/strong><\/p>\n<p><span style=\"text-decoration: underline;\">Envase:<\/span> 370ml\u00a0 \/\u00a0 <span style=\"text-decoration: underline;\">Peso neto:<\/span> 345g\u00a0 \/\u00a0 <span style=\"text-decoration: underline;\">Peso escurrido:<\/span> 215g<\/p>\n<p><span style=\"text-decoration: underline;\">Valores nutricionales medios por 100g de producto:<\/span> Valor energ\u00e9tico:\u00a0 195 KJ \u2013 46,5 Kcal\u00a0<span style=\"color: #ff9900;\"> \/\/\u00a0<\/span> Grasas: 0,77g. de las cuales saturadas: 0,21g\u00a0<span style=\"color: #ff9900;\"> \/\/\u00a0<\/span> Hidratos de Carbono: 5,20g de los cuales az\u00facares: 3,77g\u00a0<span style=\"color: #ff9900;\"> \/\/\u00a0<\/span> Fibra Alimentaria: 3,6g\u00a0<span style=\"color: #ff9900;\"> \/\/<\/span> Prote\u00ednas: 2,9g\u00a0<span style=\"color: #ff9900;\"> \/\/\u00a0<\/span> Sal: 0,82g<\/p>\n<p><span style=\"text-decoration: underline;\">Almacenamiento y conservaci\u00f3n:<\/span> Antes de abrir: evitar golpes que provoquen perdida del vac\u00edo. Proteger de la humedad, de la luz directa del sol y temperaturas extremas. Despu\u00e9s de abrir: conservar refrigerado y consumir en un plazo de cuatro d\u00edas.<\/p>\n<p>Guisantes finos y tiernos de primera calidad, elaborados exclusivamente con agua y sal.<\/p>\n","protected":false},"excerpt":{"rendered":"<p>Ingredientes: Guisante, agua y sal. Puede contener trazas de: LACTEOS y SULFITOS. Envase: 370ml\u00a0 \/\u00a0 Peso neto: 345g\u00a0 \/\u00a0 Peso escurrido: 215g Valores nutricionales medios por 100g de producto: Valor energ\u00e9tico:\u00a0 195 KJ \u2013 46,5 Kcal\u00a0 \/\/\u00a0 Grasas: 0,77g. de las cuales saturadas: 0,21g\u00a0 \/\/\u00a0 Hidratos de Carbono: 5,20g de los cuales az\u00facares: 3,77g\u00a0 \/\/\u00a0 [&hellip;]<\/p>\n","protected":false},"featured_media":485,"comment_status":"open","ping_status":"closed","template":"","meta":[],"product_cat":[12],"product_tag":[94,18,30,29,93],"class_list":["post-172","product","type-product","status-publish","has-post-thumbnail","hentry","product_cat-legumbres","product_tag-370ml","product_tag-extra","product_tag-fino","product_tag-guisante","product_tag-natural"],"_links":{"self":[{"href":"https:\/\/www.artesaniadelarioja.org\/conservas-juker\/wp-json\/wp\/v2\/product\/172","targetHints":{"allow":["GET"]}}],"collection":[{"href":"https:\/\/www.artesaniadelarioja.org\/conservas-juker\/wp-json\/wp\/v2\/product"}],"about":[{"href":"https:\/\/www.artesaniadelarioja.org\/conservas-juker\/wp-json\/wp\/v2\/types\/product"}],"replies":[{"embeddable":true,"href":"https:\/\/www.artesaniadelarioja.org\/conservas-juker\/wp-json\/wp\/v2\/comments?post=172"}],"wp:featuredmedia":[{"embeddable":true,"href":"https:\/\/www.artesaniadelarioja.org\/conservas-juker\/wp-json\/wp\/v2\/media\/485"}],"wp:attachment":[{"href":"https:\/\/www.artesaniadelarioja.org\/conservas-juker\/wp-json\/wp\/v2\/media?parent=172"}],"wp:term":[{"taxonomy":"product_cat","embeddable":true,"href":"https:\/\/www.artesaniadelarioja.org\/conservas-juker\/wp-json\/wp\/v2\/product_cat?post=172"},{"taxonomy":"product_tag","embeddable":true,"href":"https:\/\/www.artesaniadelarioja.org\/conservas-juker\/wp-json\/wp\/v2\/product_tag?post=172"}],"curies":[{"name":"wp","href":"https:\/\/api.w.org\/{rel}","templated":true}]}}